*2 + 2*l + 9. Let t(c) = -5*b(c) - 3*i(c). List the prime factors of t(-4).
2, 7
Let l(c) = -1 + c**3 + 4 - c**2 + 8*c**2 - 1 + 4*c. Let k(u) = -u + 1. Let r be k(7). What are the prime factors of l(r)?
2, 7
Suppose 236*z = 235*z + 49. List the prime factors of z.
7
Let g(x) = 0 + 1 + 0 - 7*x**3 + x**2 - 2*x**2. Let l = -3 - -2. List the prime factors of g(l).
7
Suppose c - 9 = -2*a, a + 2*a - 1 = c. Suppose -c*f = -3*p - 2*f + 42, -5*p = -f - 82. What are the prime factors of p?
17
Suppose 4*c + 1530 = 14*c. What are the prime factors of c?
3, 17
Let l = 22 + -24. Let q(z) = 2*z**2 - 4*z - 3. What are the prime factors of q(l)?
13
Suppose 0 + 1 = -r, 0 = -5*i + 2*r + 242. List the prime factors of i.
2, 3
Let k(h) = -h**3 + 2*h + 1. Suppose -4*x + 4 = -4*f, -f + 1 + 4 = -3*x. What are the prime factors of k(x)?
2, 11
Let a(o) = 7 + 0*o + 0*o**2 + 7*o - 10*o**2 + o**3. Let y be a(9). Let d(b) = -b**3 - 10*b**2 + 10*b - 1. List the prime factors of d(y).
2, 5
Let y be (10/(-15))/((-2)/12). Let z(x) be the second derivative of x**5/20 - x**4/3 + x**3/2 - 3*x**2/2 + x. List the prime factors of z(y).
3
Suppose -3*b + 44 = l, -2 = -0*b + b. What are the prime factors of l?
2, 5
Let q = 98 - 64. Suppose -i - 2*i + 5*c = -q, -c + 38 = 5*i. What are the prime factors of i?
2
Let v = -1 - -13. Let q = v + 9. List the prime factors of q.
3, 7
Let k be (1 - 2)*160/(-8). Let x = -21 - -7. Let g = x + k. What are the prime factors of g?
2, 3
Let w = -1 - -5. Let t be (16/(-5))/(w/(-10)). Suppose t = 2*z, -n - z = z - 10. List the prime factors of n.
2
Suppose s = -4*s + 75. Let o be 4*(s/6)/5. Suppose -15 = -3*c - o*c. What are the prime factors of c?
3
Let o be 68/18 - 2/(-9). Let w(y) = -o*y + 0 + 0 - 2. List the prime factors of w(-2).
2, 3
Let q(h) = -40*h + 1. What are the prime factors of q(-1)?
41
Let b = -1 - -5. Suppose -b*l - 2*w + 14 = 0, -2*l - 4*w = -0*l - 4. List the prime factors of l.
2
Let x(r) = -r**2 - 10*r - 6. Let h be x(-8). Suppose w + h = 6*w. List the prime factors of w.
2
Let b be (1 - 0)/((-4)/(-20)). Let r be 107/5 + (-2)/b. Let y = r + -12. List the prime factors of y.
3
What are the prime factors of (3 - (25 - 0))/(5/(-50))?
2, 5, 11
Let l(c) = 0*c**3 - c**2 + 6*c + 6 - 4*c**3 + 4*c**3 - c**3. List the prime factors of l(-4).
2, 3, 5
Let h(w) be the first derivative of -17*w**4/2 - w**2/2 - w + 1. Let s be h(-1). Suppose 5*g - 1 = s. List the prime factors of g.
7
Suppose 3*t - 5*t - 14 = 0. Let c(v) = -v - 3. Let o be c(t). List the prime factors of 0/(o + -2) - -13.
13
Let o be (-2)/(-6)*(6 - 0). Suppose o*d = -2*d + 40. Suppose -3*z - 5*n = -10, -3*n - d - 3 = -2*z. List the prime factors of z.
5
Suppose k + 44 = 3*k. Suppose -2*n = -4*n + k. What are the prime factors of n?
11
Suppose -2*n = n + 12. Let h(u) = 3*u**2 + 4*u - 2. What are the prime factors of h(n)?
2, 3, 5
Suppose -11 + 65 = -2*u - 4*c, -4*u = 5*c + 123. Let w = 59 + u. List the prime factors of w.
2, 11
Let g = 20 - -37. What are the prime factors of g?
3, 19
Suppose -3*s + 51 = -15. What are the prime factors of s?
2, 11
Suppose y - 5*a = -4*y - 25, -2*y + 15 = 3*a. Suppose 4*b - 4*t = -2*t + 34, y = 4*b + t - 37. List the prime factors of b.
3
What are the prime factors of 2426/16 + 93/248?
2, 19
Let u(f) = -34 + 38 - 15*f**2 - f**3 + 2*f**3 - 11*f + 2*f**2. List the prime factors of u(14).
2, 23
Let a = -79 + 177. What are the prime factors of a?
2, 7
Suppose -3*a + a + 87 = 3*f, f = -2*a + 97. Suppose 2*b = 2*j + 7*b - a, 5*b = 5. What are the prime factors of j?
23
Suppose -2*c = -z - 2 - 9, 2*z - c + 7 = 0. Let j(g) = -3*g + 1. What are the prime factors of j(z)?
2
Let a = 12 - 9. Suppose w = -5, -a*z - w + 122 = -5*w. What are the prime factors of z?
2, 17
List the prime factors of 68 + 0 + (-7 - -4).
5, 13
Let l be (-2)/(6/(-135)) + -1. Suppose -3*g - 7*y = -3*y - l, -5*y = 2*g - 41. List the prime factors of g.
2
Let t(k) be the first derivative of -k**2/2 + k + 2. Let i be t(-2). List the prime factors of 3 - (-9 + 6/i).
2, 5
Suppose 4*d + 2*d = 450. List the prime factors of d.
3, 5
Let y = 24 + 9. List the prime factors of y.
3, 11
Let f(t) = -t**3 - t - 5. Let r be f(0). Let b(p) = -2*p - 3. Let s be b(r). Suppose 3*k = -s + 37. What are the prime factors of k?
2, 5
Suppose 2*t + 11 = t - 4*b, 5*t - b = -139. Let v = t + 43. List the prime factors of v.
2
Let n be ((-8)/(-6))/(-2)*3. Let q(p) = -3*p - 3. Let y be q(n). Let k(x) = x**2 - x + 1. What are the prime factors of k(y)?
7
Suppose 0 = -n - 4*d + 5*d - 18, 0 = -3*n + 5*d - 54. Let p be 1*3/(-2)*6. What are the prime factors of (-50)/n + (-2)/p?
3
Let t be (-2126)/6 - 2/(-6). List the prime factors of (t/(-9))/((-4)/(-6)).
59
Let u = 892 + -580. What are the prime factors of u?
2, 3, 13
Let p = 37 + 152. List the prime factors of p.
3, 7
Let x(k) = -k**3 + 3*k**2 + 6*k - 1. Let u be x(4). Let d = 8 + u. List the prime factors of d.
3, 5
Let p = 83 - 34. What are the prime factors of p?
7
Let i be (-1 - -1)/((-2)/1). Suppose -3*w = -i*w - 48. What are the prime factors of w?
2
Let f be (-6)/(-9) - (-4)/3. Suppose f*c + 70 = 4*k, -2*k + 0*k = -4*c - 44. Suppose 0 = 5*w - 4 - k. List the prime factors of w.
2
Let k be 0 + (4 - (0 + -2)). Let d be 3*((-32)/k)/(-4). Suppose -4*g + 28 = -5*w, d*w + 5 = -g + 12. What are the prime factors of g?
7
What are the prime factors of (-34)/(-6)*(2 - -1)?
17
Let g be (-96)/10*20/(-6). Suppose 28 = 4*a - g. What are the prime factors of a?
3, 5
Let d(v) = 9*v + 3. List the prime factors of d(5).
2, 3
Suppose 0 = 5*x - 7*x + 4*k + 450, -3*x = 5*k - 675. What are the prime factors of x?
3, 5
Let m(y) = -2*y**3 + 5*y**2 + 2*y - 5. Let d be m(4). Let x = d + 64. What are the prime factors of x?
19
Let b(l) = -l - 3. Let o be b(-4). Let y = 4 - o. List the prime factors of y.
3
Suppose 0*n + 3*n = 2*j - 109, 5*j + 5*n - 310 = 0. List the prime factors of j.
59
Let i(f) = -4*f - 7. List the prime factors of i(-7).
3, 7
Let p(o) = o**3 - 8*o**2 + 9*o - 2. Let g be p(6). Let i(b) = -b**3 - 4*b**2 + 5*b + 1. Let y be i(-5). What are the prime factors of 32/g*(y - 6)?
2
Let m(x) = -4*x**2 - 2*x - 3. Let k(q) = -3*q**2 - q - 3. Let z(p) = -3*k(p) + 2*m(p). List the prime factors of z(-3).
3, 5
Let n(i) = i**2 - 7*i + 9. Let b(o) = o**3 - 6*o**2 + 2*o - 4. Let r be b(6). What are the prime factors of n(r)?
17
Suppose -5 = i, -5*m + 4*i + i + 40 = 0. List the prime factors of m.
3
Let b(j) = -j**3 + j**2 + j + 9. Let v be b(0). Let m = 9 - v. Suppose 26 = -4*h - 5*t + 86, m = -5*h + 3*t + 75. What are the prime factors of h?
3, 5
Let o(a) = -a**2 - 6*a - 3. Let b be (-1 - -3) + 3 + -1. Suppose b*r + 15 = r. List the prime factors of o(r).
2
Let g be (48/2)/4 + 2. Let z(s) = 4*s - 5. What are the prime factors of z(g)?
3
Suppose 0 = -2*j + 18*j - 6224. What are the prime factors of j?
389
Let z = -1 + 2. Let i = z - -2. Suppose 4*j + 2*f - 28 = 0, 6*j - i*j - 28 = 2*f. What are the prime factors of j?
2
Let p = 15 + -2. Let v = p - -44. List the prime factors of v.
3, 19
Let f(c) = 6*c**3 + 2*c**2 + c. Let l be f(-1). Let h = l + 7. What are the prime factors of 7/(-14) - (-5)/h?
2
Let y = -11 + 65. What are the prime factors of (y/3 - 0) + -1?
17
Let x = 93 + -25. What are the prime factors of x?
2, 17
Suppose -7*g + 81 = -4*g. List the prime factors of g.
3
Let t be (2/2)/((-2)/(-10)). Suppose 2*x = 2*w - 22, -x + 3*x = t*w - 52. List the prime factors of w.
2, 5
List the prime factors of -2 + -2 + -1 + 17.
2, 3
What are the prime factors of (11 - 1) + 8/((-16)/6)?
7
Suppose 0 = 57*l - 63*l + 1488. What are the prime factors of l?
2, 31
Let n(o) = 14*o**3. What are the prime factors of n(1)?
2, 7
Let v(z) = z - 6. Let i be v(6). Let j be i + 63/3 + 3. Let l = -11 + j. List the prime factors of l.
13
Let k = 156 + -108. Suppose 5*v - k = 7. What are the prime factors of v?
11
Let h(j) = j**3 - 8*j**2 + 8*j - 6. Let x be h(7). Let p = 12 - x. List the prime factors of p.
11
Let q = -7 - -17. Let n(k) = -k + 13. Let s be n(q). What are the prime factors of (-1)/s - (-74)/6?
2, 3
What are the prime factors of 29 + -1 + (1 - -2)?
31
Suppose -3*c = 2 + 13. What are the prime factors of ((-8)/c)/(12/30)?
2
Let k(w) = 5*w**2 - 2*w - 1. Suppose -3*p = -5*c - 0 + 4, -5*c